t h be (-12)/54 + (-742)/g. Suppose j = -2*x + 59, 3*x - 105 = -j - h. Is j composite?
True
Is (55/(-55))/((-1)/14143) a composite number?
False
Let a = -339 - -326. Let x(v) = 5*v + 2*v**2 + 10 - 4 + 8. Is x(a) a prime number?
False
Let n(r) = 3*r**3 + 2*r**2 + 4*r - 6. Suppose -2*z - 3*v + 10 = -0*z, 4*v + 25 = 5*z. Is n(z) composite?
False
Let z(h) be the first derivative of -5*h**4 - h**2 - h + 5. Is z(-2) composite?
False
Let n(h) = 238*h - 4 - 95*h + 162*h. Let w be (2 - 7) + 54/9. Is n(w) a composite number?
True
Let y = -18 - -22. Suppose 0 = y*v + 5*p - 3782, 0 = 3*v + 8*p - 11*p - 2823. Is v composite?
True
Suppose 6616 + 10649 = 15*h. Is h prime?
True
Suppose -3*j + 1224 = -243. Let u = 31 + -29. Suppose j = u*g + g. Is g composite?
False
Suppose -75 = 7*k - 10*k. Suppose -c - 574 = 2*d - 2861, k = 5*c. Is d composite?
True
Let o(y) be the third derivative of 2*y**5/15 + y**4/6 - y**3/2 - 24*y**2. Is o(2) prime?
True
Suppose -17*g = -18*g + 8057. Is g a prime number?
False
Let f(g) = -4*g**3 + 7*g**2 - 8. Suppose 0 = 6*n + 28 + 2. Is f(n) a composite number?
True
Let u(j) be the third derivative of -j**5/60 - j**4/3 + 5*j**3/3 - 3*j**2. Let s be u(-10). Is ((-105)/6)/(5/s) a prime number?
False
Let k(h) = 1127*h**2 + h. Let d be k(1). Suppose 5*g - 757 - d = 0. Let o = g - 216. Is o a prime number?
False
Suppose 4*s - 3*o = 49216, -29*o + 24*o - 24622 = -2*s. Is s prime?
True
Suppose 5*c = 4*w + 14, -2*w - 6 - 4 = -4*c. Suppose 0 = 4*b + 2*p - 3322, -c*p = -3*p - 1. Is b composite?
True
Let i be 184/(-4)*1*3. Let x be -4*1*((-5)/(-1) - 6). Is (-2)/3*i/x prime?
True
Suppose 0*j + 2*j - 10783 = -5*m, m - j = 2151. Is m a composite number?
True
Suppose -5*q + 8623 + 22852 = 0. Is q prime?
False
Let r(c) = 6*c**3 - 20*c**2 + 26*c - 15. Let a(y) = 2*y**3 - 7*y**2 + 9*y - 5. Let x(b) = 17*a(b) - 6*r(b). Let g = 8 + -13. Is x(g) a prime number?
False
Suppose 0 = -7*n + 15 + 27. Let j(q) = q**3 + 6*q**2 - 2*q - 1. Is j(n) composite?
False
Suppose 0 = 173*h - 172*h - 239. Is h prime?
True
Let m(j) = -j**3 + 3*j**2 + 4*j + 2. Let v be m(4). Let y(w) = 50*w**2 - 1. Is y(v) a prime number?
True
Is 22165/4 + -4 + (-45)/(-12) composite?
True
Let t(b) = -2*b**2 - 2*b + 1758. Let y be t(0). Suppose -5*p = 10, 0 = -4*u - 3*p + 1648 + y. Is u composite?
False
Suppose -6*q - 138554 = -348692. Is q prime?
True
Suppose 21 - 1 = 2*p. Suppose 4*t - p = 5*m - 5, -3*m - 5*t + 34 = 0. Suppose -5*v = -m*v - 1094. Is v composite?
False
Let f be 18/117 - 17526/13. Let q = -937 - f. Is q composite?
True
Let j(q) = q**3 - 9*q**2 + 14*q + 15. Is j(7) prime?
False
Let d(z) = -9*z**3 + z - 1. Let p(g) = -3*g - 10. Let v(b) = -7*b - 21. Let c(f) = 5*p(f) - 2*v(f). Let w be c(-6). Is d(w) a composite number?
True
Let g(b) = 147*b**2 - 9*b + 1. Is g(-4) a prime number?
True
Let t be (6/(-6))/(2/(-6)). Suppose 4*v - 16 = 0, -v = k - t*v + 409. Let h = -166 - k. Is h a composite number?
True
Let c = -20 + 17. Is (c/3)/((-1)/239) composite?
False
Let a(h) be the third derivative of h**5/60 - 7*h**4/24 + 19*h**3/6 - 8*h**2. Let s(d) = d + 2. Let o be s(7). Is a(o) composite?
False
Suppose 5463 - 22298 = 5*n. Let x = -1116 - n. Is x composite?
False
Suppose 2*s = 11*s - 6651. Is s a prime number?
True
Let p(w) = 5*w - 11. Let n(j) = 5*j - 12. Let o(r) = 5*n(r) - 6*p(r). Suppose 4*h - 2*u + 39 = -3*u, 4*u + 3 = h. Is o(h) prime?
False
Let r = -1123 - -4394. Is r prime?
True
Let o(h) = -h**2 + h - 1. Let g(m) be the first derivative of -5*m**3 + 2*m**2 - 4*m + 11. Let s(l) = -g(l) - o(l). Is s(2) a prime number?
True
Let m = -19 - -19. Let h(u) = -u**3 - u + 79. Is h(m) a composite number?
False
Let b(t) = -t**2 - 7*t - 1. Let j(w) = -w**2 - 7*w - 2. Let g(n) = 4*b(n) - 5*j(n). Suppose 5*z + 52 = 3*m, 6*z - 2*z + 2*m = -24. Is g(z) a composite number?
True
Let g = -3709 + 5880. Is g a prime number?
False
Suppose 4567 = 2*z - 2619. Is z composite?
False
Suppose 60*w - 64*w = -1676. Is w a composite number?
False
Let z(k) = k**3 + k**2 + k + 1. Let j(o) = 17*o**3 + 5*o**2 + 4*o + 15. Let c(b) = j(b) - 6*z(b). Is c(4) prime?
False
Suppose 0 = 20*m + 8*m - 11060. Is m a prime number?
False
Suppose 17*v = 13*v - 5*w + 5762, -5*w + 2886 = 2*v. Is v a composite number?
True
Suppose -2*c + 30531 = q - 982, 5*c - 31516 = -q. Is q composite?
False
Let c(o) = 171*o - 2. Let z be c(-7). Let q = -690 - z. Let s = -262 + q. Is s a prime number?
False
Suppose n = 6*n - 25, 4*k + 13 = 5*n. Suppose -2*j - 54 = -5*d, 4*d = k*j + 2*j + 50. Is d a prime number?
False
Let c(u) be the first derivative of -u**3/3 + 2*u**2 + 7*u + 2. Let w be c(5). Is (-16)/(-8)*233/w prime?
True
Suppose -16027 + 579 = -2*a. Suppose -y = 5*o - 3537, -5*o + 6484 + a = 4*y. Is y composite?
False
Let g = 660 - -1141. Is g a prime number?
True
Let y = 32 - 28. Let x be 6/((-1)/y*6). Let a(l) = 5*l**2 - 6*l - 1. Is a(x) a composite number?
False
Let q be (-8)/(-6) - (-8)/12. Suppose -5*k - 8 - q = 0. Is 1*(43 + (1 - k)) prime?
False
Suppose -f - 42562 = -3*b, 0 = -5*f + 25. Is b prime?
False
Let z(a) = 9*a**3 + a + 1. Let n be z(-2). Let q = n + 104. Is q a composite number?
False
Let c = 775 + 1086. Is c prime?
True
Let n(d) = 6 + 13 + 13*d - 7*d + 4. Is n(11) composite?
False
Let j = -6 - -8. Let c be j/4*(5 + -1). Suppose 0 = -c*w + w + 149. Is w a composite number?
False
Suppose 76*q - 1078441 = 27*q. Is q composite?
True
Let d(f) = -f**2 + 12*f + 4. Let x be d(12). Suppose -40 = -4*j + x. Suppose j*c - 6*c = 235. Is c a composite number?
False
Let i = 350 - -49. Suppose -h + 4*s + i + 120 = 0, 4 = 2*s. Is h a composite number?
True
Suppose 0 = -0*w + w + 14. Let k(x) = -2*x - 23. Let y be k(w). Suppose -5*p = -y*a + 4411 + 1089, -p + 1102 = a. Is a prime?
False
Let h = -2614 + 12929. Is h composite?
True
Let u(l) = -4264*l**3 - 19*l**2 - 21*l - 1. Is u(-1) composite?
True
Let k = -747 - -787. Let v be 328/(-2) - (1 + -1). Is (130/k)/((-1)/v) composite?
True
Let r be ((-48)/4)/(-4) + 1. Suppose -5*z = -3*x + 33 - 11, -3*x + 17 = -r*z. Is 3 - (-108 - -3) - x composite?
False
Let f = 9 + -9. Suppose 0*o + 2*o - 5*q - 28 = f, -o - 3*q - 8 = 0. Suppose -169 = -g + t + t, o*g = 2*t + 646. Is g composite?
True
Suppose -2136*g + 2135*g + 11423 = 0. Is g a composite number?
False
Let f(z) = z**3 + 11*z**2 + 7*z + 13. Let h = -6 - -7. Let u be -2 + 2*h*-4. Is f(u) a composite number?
False
Let p = 113 + -131. Is (-3)/p - (-65)/6 prime?
True
Let o(b) = 395*b - 29. Is o(14) prime?
True
Suppose 0 = j + 8 - 12, 3*y - 4*j = 25367. Is y prime?
True
Suppose -4560 = -2*c + 2*i, -2305 = -c - 6*i + 2*i. Is c a composite number?
True
Suppose 0 = 2*w - 3*r - 379, -3*r + 246 = -3*w + 810. Suppose 4*x - w = -o - 24, -o + 156 = -x. Is o prime?
True
Let h(y) = 281*y**2 + 51*y - 547. Is h(11) prime?
False
Let q = 2 + -5. Let x be q*(-1 - (3 + -3)). Suppose 0 = x*z - 140 + 47. Is z a composite number?
False
Let l be 0 - -3 - (3 + 0). Let y be (11 - -1) + l/(-1). Is 290/(-4)*y/(-10) a prime number?
False
Let z = 38 - 8. Let d(f) = 2*f - 36 + 112 + z. Is d(0) composite?
True
Let d(j) be the third derivative of j**4/24 + 3*j**3/2 + 4*j**2. Let z be d(-9). Let f = 89 - z. Is f composite?
False
Suppose -5*m = -3 - 17. Let f = 8 - m. Suppose -3*v + 4*g + 613 = 0, 11 = f*g + 27. Is v a prime number?
True
Let b = 12 + -8. Suppose b*v + 15 = -5. Is -1 + (3 + v - -54) a composite number?
True
Is (-1979892)/(-216) - -1*2/(-12) composite?
True
Suppose -7*n + 4*n - 5*w + 8331 = 0, -n = -3*w - 2777. Is n a prime number?
True
Let f be (-1)/(-8) + (-235)/(-40). Is f/27 - (-3073)/63 prime?
False
Suppose 5 = z, 4*z = 2*q + 7*z - 27. Let y be (q/(-4))/(3/(-6)). Let w = 35 + y. Is w a prime number?
False
Is ((-330)/8 - 3)*6024/(-18) a composite number?
True
Let u be (3 - (-1)/1)/2. Suppose 0 = -j + u*j - 4. Suppose -j*l - 3*a = -2*a - 97, 65 = 2*l - 5*a. Is l a prime number?
False
Suppose -5*o - 10274 = -57309. Is o a prime number?
False
Let p be ((1 - 1) + 6)*(-16)/(-24). Let w be ((-62)/(-6))/((-2)/(-12)). Suppose p*c + w = 282. Is c a composite number?
True
Let i(h) be the second derivative of 4*h**4/3 - 2*h**3 + 23*h**2/2 - 38*h. Is i(8) a prime number?
False
Suppose 12*v - 28 = 5*v. Is v/(-2) + 84*(0 + 1) prime?
False
Let n(p) = 79*p**2 - p + 1. Let m =